{"id":5361,"date":"2021-11-26T07:23:14","date_gmt":"2021-11-26T07:23:14","guid":{"rendered":"https:\/\/ciu-edu.org\/?page_id=5361"},"modified":"2026-04-08T08:33:35","modified_gmt":"2026-04-08T07:33:35","slug":"protocolo-solicitud-de-certificados","status":"publish","type":"page","link":"https:\/\/ciu-edu.org\/?page_id=5361","title":{"rendered":"Protocolo Solicitud de Certificados"},"content":{"rendered":"<div class=\"wp-block-image is-resized\">\n<figure class=\"aligncenter size-full\"><img loading=\"lazy\" decoding=\"async\" width=\"1173\" height=\"197\" src=\"https:\/\/ciu-edu.org\/wp-content\/uploads\/2022\/07\/Certificados_Img_Tex.png\" alt=\"\" class=\"wp-image-6469\" srcset=\"https:\/\/ciu-edu.org\/wp-content\/uploads\/2022\/07\/Certificados_Img_Tex.png 1173w, https:\/\/ciu-edu.org\/wp-content\/uploads\/2022\/07\/Certificados_Img_Tex-300x50.png 300w, https:\/\/ciu-edu.org\/wp-content\/uploads\/2022\/07\/Certificados_Img_Tex-1024x172.png 1024w, https:\/\/ciu-edu.org\/wp-content\/uploads\/2022\/07\/Certificados_Img_Tex-768x129.png 768w\" sizes=\"auto, (max-width: 1173px) 100vw, 1173px\" \/><\/figure>\n<\/div>\n\n\n<div style=\"height:40px\" aria-hidden=\"true\" class=\"wp-block-spacer\"><\/div>\n\n\n\n<p>Una vez matriculado o egresado de un programa de formaci\u00f3n, es posible cursar una solicitud de las siguientes certificaciones seg\u00fan el tr\u00e1mite:<\/p>\n\n\n\n<h3 class=\"wp-block-heading\">Los diferentes Documentos son:<\/h3>\n\n\n\n<ul class=\"wp-block-list\">\n<li><strong>Pensum Acad\u00e9mico (Simple): <\/strong>100\u20ac<\/li>\n\n\n\n<li><strong>Certificado de Estado (Simple): <\/strong>35\u20ac<\/li>\n\n\n\n<li><strong>Certificado de Modalidad Tutelar (Simple): <\/strong>35\u20ac<\/li>\n\n\n\n<li><strong>Certificado de Tesis (Simple): <\/strong>35\u20ac<\/li>\n\n\n\n<li><strong>Certificaci\u00f3n Acad\u00e9mica Personal (Simple): <\/strong>35\u20ac<\/li>\n\n\n\n<li><strong>Certificado Sustitutivo (Supletorio) del T\u00edtulo (Simple): <\/strong>75\u20ac<\/li>\n\n\n\n<li><strong>Certificaci\u00f3n Acad\u00e9mica, Transcript y Programa de estudios (Simple): <\/strong>200\u20ac<\/li>\n\n\n\n<li><strong>Certificado de Matriculaci\u00f3n (Simple):<\/strong> 35\u20ac<\/li>\n\n\n\n<li><strong>Certificado de Acreditaci\u00f3n de Estudios (Simple):<\/strong> 220\u20ac<\/li>\n\n\n\n<li><strong>Certificado de Simultaneidad (Simple): <\/strong>170\u20ac<\/li>\n\n\n\n<li><strong>Certificaci\u00f3n de Traslado de Expediente (Simple): <\/strong>170\u20ac<\/li>\n<\/ul>\n\n\n\n<h3 class=\"wp-block-heading\">Duplicados<\/h3>\n\n\n\n<ul class=\"wp-block-list\">\n<li><strong>del T\u00edtulo:<\/strong> 60\u20ac<\/li>\n\n\n\n<li><strong>del Certificado de Carga Horaria: <\/strong>50\u20ac<\/li>\n\n\n\n<li><strong>del Certificado de Calificaciones:<\/strong> 50\u20ac<\/li>\n\n\n\n<li><strong>del T\u00edtulo y los Certificados:<\/strong> 100\u20ac<\/li>\n<\/ul>\n\n\n\n<h3 class=\"wp-block-heading\">Legalizaci\u00f3n por Apostilla de la Haya o Legalizaci\u00f3n Consular, Ministerio de Asuntos Exteriores y Ministerio de Justicia.<\/h3>\n\n\n\n<ul class=\"wp-block-list\">\n<li><strong>Legalizaci\u00f3n Apostilla de la Haya: <\/strong>150\u20ac<\/li>\n\n\n\n<li><strong>Legalizaci\u00f3n Consular, Ministerio de Asuntos Exteriores y Ministerio de Justicia:<\/strong> 500\u20ac<\/li>\n<\/ul>\n\n\n\n<p><strong>Para los documentos solicitados impresos, incluya las Tasas por Env\u00edo Certificado.<\/strong><\/p>\n\n\n\n<ul class=\"wp-block-list\">\n<li><strong>Env\u00edo Postal Certificado EU: <\/strong>35 EU\u20ac (Recepci\u00f3n entre 2 a 7 d\u00edas seg\u00fan destino).<\/li>\n\n\n\n<li><strong>Env\u00edo Certificado por Agencia de Transporte Privada: <\/strong>100 UE\u20ac (Recepci\u00f3n entre 1 a 4 d\u00edas seg\u00fan destino).<\/li>\n<\/ul>\n\n\n\n<p><strong>La solicitud electr\u00f3nica, es accesible desde el siguiente acceso:&nbsp;<\/strong><a rel=\"noreferrer noopener\" href=\"https:\/\/ciu-edu.org\/?page_id=5359\" data-type=\"page\" data-id=\"5359\" target=\"_blank\">[Solicitud de Certificaciones o Duplicados]<\/a><\/p>\n\n\n\n<p><strong>Una vez abonadas las tasas administrativas<\/strong> correspondientes, <strong>deber\u00e1 remitirse, a la Secretar\u00eda Central, el resguardo bancario o de operaci\u00f3n electr\u00f3nica, correspondiente. <\/strong>Se acepta un escaneo o una fotograf\u00eda legible desde su Smartphone. Para esta acci\u00f3n, utilice nuestra<a rel=\"noreferrer noopener\" href=\"https:\/\/web.whatsapp.com\/send?phone=+34670612202&amp;text=Hola,%20deseo%20comunicarme%20con%20el%20Departamento%20de%20Informacion%20de%20CIU\" target=\"_blank\"> <strong>l\u00ednea de WhatsApp<\/strong><\/a> o el <strong><a rel=\"noreferrer noopener\" href=\"https:\/\/ciu-edu.org\/?page_id=5644\" target=\"_blank\">Formulario siguiente<\/a><\/strong>.<\/p>\n\n\n\n<p>A partir de este momento, Secretar\u00eda Central, proceder\u00e1 a gestionar la solicitud cursada. El plazo para la entrega del mismo ser\u00e1 de un m\u00ednimo de 5 d\u00edas (Certificados Simples) y un m\u00e1ximo de 35 d\u00edas (Certificados Legalizados), contabilizados desde el momento de la entrega de la Solicitud y  documentos relacionados (En el caso de certificados de Traslado de Expediente o Simultaneidad de estudios se enviar\u00e1n a la Entidad Educativa de destino).<\/p>\n\n\n\n<h3 class=\"wp-block-heading\">Atenci\u00f3n<\/h3>\n\n\n\n<p><strong>No se iniciar\u00e1n tr\u00e1mites,<\/strong> hasta que la documentaci\u00f3n (<a rel=\"noreferrer noopener\" href=\"https:\/\/ciu-edu.org\/?page_id=5359\" data-type=\"page\" data-id=\"5359\" target=\"_blank\">solicitud<\/a> + comprobante bancario o electr\u00f3nico) <a href=\"https:\/\/www.ciu-edu.org\/?p=349\" data-type=\"link\" data-id=\"https:\/\/www.ciu-edu.org\/?p=349\" target=\"_blank\" rel=\"noreferrer noopener\">sea presentada en Secretar\u00eda Central.<\/a><\/p>\n\n\n\n<h3 class=\"wp-block-heading\">Tipos de Certificados<\/h3>\n\n\n\n<p>Sobre el <strong>Certificado de Matriculaci\u00f3n<\/strong>, <strong>y en la primera solicitud<\/strong> (en formato electr\u00f3nico), <strong>no deber\u00e1 cancelar ninguna tasa administrativa<\/strong>. A partir de la segunda solicitud de <strong>Certificado de Matriculaci\u00f3n<\/strong> deber seguir las instrucciones y referencias arriba indicadas, sobre las tasas administrativas a cancelar.<\/p>\n\n\n\n<p>Los Certificados, incluyen el DNI, nombre, apellidos y programa que est\u00e1 cursando, as\u00ed como la fecha de matriculaci\u00f3n, y c\u00f3digo asociado a su registro acad\u00e9mico..<\/p>\n\n\n\n<p><strong>Certificado acad\u00e9mico personal:<\/strong> Refleja datos de car\u00e1cter personal, asignaturas, curso y calificaci\u00f3n.<\/p>\n\n\n\n<p><strong>Traslado de expediente:<\/strong> Refleja datos de car\u00e1cter personal, asignaturas, curso y calificaci\u00f3n y acceso a CIU. Debe presentar carta original de admisi\u00f3n de la otra Universidad.<\/p>\n\n\n\n<p><strong>Simultaneidad de estudios:<\/strong> Refleja los mismos datos que un traslado de expediente, solo que es un traslado con car\u00e1cter de simultaneidad. No se entregar\u00e1 directamente al alumno, sino que ser\u00e1 enviado a la Universidad con la que el alumno quiera simultanear estudios.<\/p>\n\n\n\n<p><strong>Si desea formular alguna consulta<\/strong> a respecto a la solicitud cursada, puede comunicarse desde: <a title=\"Formulario de Contacto\" href=\"https:\/\/www.ciu-edu.org\/?p=349\">[Formulario de Contacto]<\/a><\/p>\n","protected":false},"excerpt":{"rendered":"<p>Una vez matriculado o egresado de un programa de formaci\u00f3n, es posible cursar una solicitud de las siguientes certificaciones seg\u00fan el tr\u00e1mite: Los diferentes Documentos son: Duplicados Legalizaci\u00f3n por Apostilla de la Haya o Legalizaci\u00f3n Consular, Ministerio de Asuntos Exteriores y Ministerio de Justicia. Para los documentos solicitados impresos, incluya las Tasas por Env\u00edo Certificado. La solicitud electr\u00f3nica, es accesible desde el siguiente acceso:&nbsp;[Solicitud de Certificaciones o Duplicados] Una vez abonadas las tasas administrativas correspondientes, deber\u00e1 remitirse, a la Secretar\u00eda&hellip;<\/p>\n","protected":false},"author":1,"featured_media":4682,"parent":0,"menu_order":0,"comment_status":"closed","ping_status":"closed","template":"","meta":{"_joinchat":[],"footnotes":""},"class_list":["post-5361","page","type-page","status-publish","has-post-thumbnail","hentry","post-has-thumbnail"],"_links":{"self":[{"href":"https:\/\/ciu-edu.org\/index.php?rest_route=\/wp\/v2\/pages\/5361","targetHints":{"allow":["GET"]}}],"collection":[{"href":"https:\/\/ciu-edu.org\/index.php?rest_route=\/wp\/v2\/pages"}],"about":[{"href":"https:\/\/ciu-edu.org\/index.php?rest_route=\/wp\/v2\/types\/page"}],"author":[{"embeddable":true,"href":"https:\/\/ciu-edu.org\/index.php?rest_route=\/wp\/v2\/users\/1"}],"replies":[{"embeddable":true,"href":"https:\/\/ciu-edu.org\/index.php?rest_route=%2Fwp%2Fv2%2Fcomments&post=5361"}],"version-history":[{"count":18,"href":"https:\/\/ciu-edu.org\/index.php?rest_route=\/wp\/v2\/pages\/5361\/revisions"}],"predecessor-version":[{"id":9886,"href":"https:\/\/ciu-edu.org\/index.php?rest_route=\/wp\/v2\/pages\/5361\/revisions\/9886"}],"wp:featuredmedia":[{"embeddable":true,"href":"https:\/\/ciu-edu.org\/index.php?rest_route=\/wp\/v2\/media\/4682"}],"wp:attachment":[{"href":"https:\/\/ciu-edu.org\/index.php?rest_route=%2Fwp%2Fv2%2Fmedia&parent=5361"}],"curies":[{"name":"wp","href":"https:\/\/api.w.org\/{rel}","templated":true}]}}