{"id":4756,"date":"2021-07-06T15:25:15","date_gmt":"2021-07-06T15:25:15","guid":{"rendered":"https:\/\/ciu-edu.org\/?page_id=4756"},"modified":"2024-09-11T10:03:53","modified_gmt":"2024-09-11T09:03:53","slug":"protocolo-de-solicitud-de-admision","status":"publish","type":"page","link":"https:\/\/ciu-edu.org\/?page_id=4756","title":{"rendered":"Protocolo de Solicitud de Admisi\u00f3n"},"content":{"rendered":"<div class=\"wp-block-image is-resized\">\n<figure class=\"aligncenter size-full\"><img loading=\"lazy\" decoding=\"async\" width=\"1170\" height=\"379\" src=\"https:\/\/ciu-edu.org\/wp-content\/uploads\/2021\/07\/Admision_bajo_titulo.png\" alt=\"\" class=\"wp-image-4761\" srcset=\"https:\/\/ciu-edu.org\/wp-content\/uploads\/2021\/07\/Admision_bajo_titulo.png 1170w, https:\/\/ciu-edu.org\/wp-content\/uploads\/2021\/07\/Admision_bajo_titulo-300x97.png 300w, https:\/\/ciu-edu.org\/wp-content\/uploads\/2021\/07\/Admision_bajo_titulo-1024x332.png 1024w, https:\/\/ciu-edu.org\/wp-content\/uploads\/2021\/07\/Admision_bajo_titulo-768x249.png 768w\" sizes=\"auto, (max-width: 1170px) 100vw, 1170px\" \/><\/figure>\n<\/div>\n\n\n<hr class=\"wp-block-separator has-alpha-channel-opacity is-style-dots\"\/>\n\n\n\n<p>La Solicitud de Admisi\u00f3n, es accesible, desde el enlace programado en el interior del Dossier Informativo del programa de su inter\u00e9s, o bien desde <a href=\"https:\/\/www.ciu-edu.org\/?p=383\" target=\"_blank\" rel=\"noreferrer noopener\">https:\/\/www.ciu-edu.org\/?p=383<\/a><\/p>\n\n\n\n<p><strong>Si no dispone del Dossier Informativo<\/strong> y \u00fanicamente ha visualizado la informaci\u00f3n a trav\u00e9s de plataformas de terceros, <strong>recomendamos encarecidamente que, acceda a la informaci\u00f3n<\/strong> espec\u00edfica, <strong>realizando una b\u00fasqueda del documento informativo,<\/strong> desde la pagina principal e inicial, utilizando t\u00e9rminos y palabras clave en idioma ingl\u00e9s, o <strong>solicitarlo a nuestra asesor\u00eda acad\u00e9mica<\/strong> mediante el Canal de mensajer\u00eda por <strong><a href=\"https:\/\/web.whatsapp.com\/send?phone=+34670612202&amp;text=Hola,%20deseo%20comunicarme%20con%20CIU\" target=\"_blank\" rel=\"noreferrer noopener\">WhatsApp<\/a><\/strong>.<\/p>\n\n\n\n<p><strong><a rel=\"noreferrer noopener\" href=\"https:\/\/ciu-edu.org\/?p=378\" data-type=\"post\" data-id=\"378\" target=\"_blank\">Tambi\u00e9n dispone de un recurso de listado de archivos pdf<\/a><\/strong>, que permite la descarga del documento informativo directamente a su equipo.<\/p>\n\n\n\n<p><strong>Estudiado el Dossier Informativo<\/strong> y <a rel=\"noreferrer noopener\" href=\"https:\/\/ciu-edu.org\/?p=1959\" data-type=\"post\" data-id=\"1959\" target=\"_blank\">despejadas las dudas o consultas<\/a> que puedan surgir, a trav\u00e9s de los asesores informativos dependientes del Dpto. de Informaci\u00f3n, proceda a preparar los requisitos para la Solicitud de Admisi\u00f3n.<\/p>\n\n\n\n<h3 class=\"wp-block-heading\">La informaci\u00f3n inicial que ser\u00e1 util y necesaria, para solicitar admisi\u00f3n, es la siguiente:<\/h3>\n\n\n\n<p><strong>Nombre exacto <\/strong>del Programa (Seg\u00fan indica el Dossier Informativo).<\/p>\n\n\n\n<h3 class=\"wp-block-heading\">Los documentos generales, solicitados para cursar la admisi\u00f3n, son:<\/h3>\n\n\n\n<ul class=\"wp-block-list\">\n<li>Titulo Profesional, o <a href=\"https:\/\/docs.google.com\/document\/d\/1qmp-a_cGK5PwMSGoBcBridWNEOiLeRQd\/edit?usp=drivesdk&amp;ouid=109876101073959436790&amp;rtpof=true&amp;sd=true\" target=\"_blank\" rel=\"noreferrer noopener\">Certificado de Declaraci\u00f3n de Estudios Previos<\/a> (Enviar este documento si est\u00e1 en espera del titulo).<\/li>\n\n\n\n<li>Documento de Identidad o Pasaporte.<\/li>\n\n\n\n<li>Fotograf\u00eda tama\u00f1o y tipo Carn\u00e9 de Identidad o Pasaporte.<\/li>\n\n\n\n<li>Curriculumn Vitae.<\/li>\n<\/ul>\n\n\n\n<h3 class=\"wp-block-heading\"><strong>Los documentos espec\u00edficos , para el acceso a los diferentes niveles acad\u00e9micos son:<\/strong><\/h3>\n\n\n\n<figure class=\"wp-block-table is-style-stripes has-small-font-size\"><table class=\"has-fixed-layout\"><thead><tr><th>Nivel Acad\u00e9mico <\/th><th>T\u00edtulos a aportar<\/th><\/tr><\/thead><tbody><tr><td><strong>Certificate<\/strong><\/td><td>Sin requisitos especiales<\/td><\/tr><tr><td><strong>Associate<\/strong><\/td><td>Certificado de Estudios<\/td><\/tr><tr><td><strong>Diplomate<\/strong><\/td><td>Certificado de Estudios o <a href=\"https:\/\/docs.google.com\/document\/d\/1qmp-a_cGK5PwMSGoBcBridWNEOiLeRQd\/edit?usp=drivesdk&amp;ouid=109876101073959436790&amp;rtpof=true&amp;sd=true\" target=\"_blank\" rel=\"noreferrer noopener\">Cert. de Estudios Previos<\/a><\/td><\/tr><tr><td><strong>Bachelor<\/strong><\/td><td>Documentos Generales o <a href=\"https:\/\/docs.google.com\/document\/d\/1qmp-a_cGK5PwMSGoBcBridWNEOiLeRQd\/edit?usp=drivesdk&amp;ouid=109876101073959436790&amp;rtpof=true&amp;sd=true\" target=\"_blank\" rel=\"noreferrer noopener\">Cert. de Estudios Previos<\/a><\/td><\/tr><tr><td><strong>M\u00e1ster<\/strong><\/td><td>Licenciatura o T\u00edtulo de Grado<\/td><\/tr><tr><td><strong>PhD<\/strong><\/td><td>T\u00edtulo de M\u00e1ster<\/td><\/tr><tr><td><strong>PSD<\/strong><\/td><td>T\u00edtulo PhD<\/td><\/tr><\/tbody><\/table><figcaption class=\"wp-element-caption\"><strong>Nota:<\/strong> Si en el acceso a los diferentes Niveles Acad\u00e9micos, se encuentra en \u00abespera de t\u00edtulo\u00bb deber\u00e1 aportar el Certificado que as\u00ed lo indica o el o <a href=\"https:\/\/docs.google.com\/document\/d\/1qmp-a_cGK5PwMSGoBcBridWNEOiLeRQd\/edit?usp=drivesdk&amp;ouid=109876101073959436790&amp;rtpof=true&amp;sd=true\" target=\"_blank\" rel=\"noreferrer noopener\">Certificado denominado, Declaraci\u00f3n de Estudios Previos<\/a>.<\/figcaption><\/figure>\n\n\n\n<p><strong>Datos adicionales,<\/strong> solicitados e introducidos directamente en el Formulario de Solicitud de Admisi\u00f3n, como direcci\u00f3n postal, c\u00f3digo postal, correo electr\u00f3nico, tel\u00e9fono, etc\u2026<br><strong>Selecci\u00f3n del m\u00e9todo de pago,<\/strong> bien tradicional por medio de su entidad bancaria o TPV por Tarjeta electr\u00f3nica. Los pa\u00edses externos a la UE, dispondr\u00e1n de servicios opcionales, en caso de que existan incompatibilidades con los nuevos protocolos de seguridad de la UE.<br>Cuando haya reunido todos estos datos y documentos, est\u00e1 listo para comenzar y dar curso a su Solicitud de Admisi\u00f3n. <strong><a href=\"https:\/\/www.ciu-edu.org\/?p=383\" target=\"_blank\" rel=\"noreferrer noopener\">Acceda desde aqu\u00ed. <\/a><\/strong><\/p>\n\n\n\n<h3 class=\"wp-block-heading\">SOBRE LOS DOCUMENTOS DIGITALES<\/h3>\n\n\n\n<p><strong>Por seguridad, <\/strong>el servidor de documentos <strong>solo aceptar\u00e1 los formatos,<\/strong> PDF, JPEG, PNG, DOC, DOCX, y ODF. <\/p>\n\n\n\n<p><strong>Tambi\u00e9n puede comprimir todos los documentos en un solo archivo<\/strong> zip, 7zip o RAR. Un compresos vers\u00e1til es 7ZIP, totalmente funcional en sistemas operativos<a rel=\"noreferrer noopener\" href=\"https:\/\/apps.apple.com\/app\/keka\/id470158793\" target=\"_blank\"> MacOs<\/a>, <a rel=\"noreferrer noopener\" href=\"https:\/\/www.7-zip.org\/download.html\" target=\"_blank\">UNIX<\/a> y Windows x32 y x64. Puede acceder y adquirir tambi\u00e9n, este software para Windows, <a rel=\"noreferrer noopener\" href=\"https:\/\/www.7-zip.org\/\" target=\"_blank\">desde aqui<\/a>.<\/p>\n\n\n\n<p>Comprimidos los documentos en un archivo zip o 7zip, n\u00f3mbrelo como, document.zip<\/p>\n\n\n\n<p><strong>El nombre de estos archivos, no debe superar los 8 caracteres<\/strong>, ni contener signos, s\u00edmbolos, o espacios en blanco. Un nombre nominativo del contenido es una buena opci\u00f3n, como por ejemplo: foto.png o titulo.pdf<\/p>\n\n\n\n<p>Como <strong>dispone de 2 Gb de tama\u00f1o para la subida<\/strong> de documentos, no tendr\u00e1 inconvenientes para la entrega.<\/p>\n\n\n\n<h3 class=\"wp-block-heading\">SOLICITUDES CON OMISI\u00d3N DOCUMENTAL<\/h3>\n\n\n\n<p><strong>Si usted emiti\u00f3 una solicitud de admisi\u00f3n, y, por alg\u00fan motivo no puedo enviar los documentos<\/strong> requeridos, recibir\u00e1 un aviso desde el Dpto. de Informaci\u00f3n, indic\u00e1ndole que la Solicitud esta pausada en espera de la recepci\u00f3n de la documentaci\u00f3n.<\/p>\n\n\n\n<p><strong>Para proceder, prepare los documentos, siguiendo las indicaciones sobre formato y nombre<\/strong> de archivo, expuestas anteriormente.<\/p>\n\n\n\n<p><strong>Acceda al <a rel=\"noreferrer noopener\" href=\"https:\/\/ciu-edu.org\/?p=2075\" data-type=\"post\" data-id=\"2075\" target=\"_blank\">formulario de env\u00edo documental<\/a><\/strong>, incorpore los documentos y env\u00edelos.<\/p>\n\n\n\n<h3 class=\"wp-block-heading\">CONFIRMACI\u00d3N DE ADMISI\u00d3N<\/h3>\n\n\n\n<p><strong>Inicialmente y si la Solicitud enviada es correcta,<\/strong> recibir\u00e1 en pantalla un mensaje de confirmaci\u00f3n de salida. <strong>Posteriormente y procesada su Solicitud de Admisi\u00f3n, <\/strong>y verificada en primera instancia que cumple los requisitos, recibir\u00e1 v\u00eda e-mail, la confirmaci\u00f3n de acceso, as\u00ed como las instrucciones de formalizaci\u00f3n.<\/p>\n\n\n\n<h3 class=\"wp-block-heading\">TASAS ACADEMICAS Y ADMINISTRATIVAS<\/h3>\n\n\n\n<p><strong>Usted habr\u00e1 seleccionado,<\/strong> en la Solicitud de Admisi\u00f3n, <strong>una modalidad (Contado o Fraccionado<\/strong>) <strong>y un m\u00e9todo<\/strong> de pago, por lo que, <strong>recibir\u00e1 (si procede) confirmaci\u00f3n de acceso mediante escrito,<\/strong> v\u00eda e-mail, con <strong>instrucciones y datos de acceso<\/strong> a Ingreso Bancario, TPV (Tarjeta Electr\u00f3nica) o PayPal (no requiere poseer una cuenta de usuario. Podr\u00e1 utilizar tarjetas electr\u00f3nicas de cr\u00e9dito, debito o bien, el sistema PayPal).<\/p>\n\n\n\n<p>No debe efectuar pago de tasas acad\u00e9micas y\/o administrativas, antes de recibir confirmaci\u00f3n de acceso al programa.<\/p>\n\n\n\n<p>En el momento de enviar la solicitud en l\u00ednea, <strong>todos nuestros servicios electr\u00f3nicos, ofrecen una capa de alta seguridad mediante cifrado de datos, <\/strong>tanto de car\u00e1cter personal, como de su sistema de banca on line, o tarjeta electr\u00f3nica.<\/p>\n\n\n\n<p><strong>Su solicitud no estar\u00e1 completa sin la documentaci\u00f3n requerida.<\/strong> Si no la remite desde el Formulario de Solicitud de Admisi\u00f3n, podr\u00e1 enviarlos posteriormente a trav\u00e9s del recursos<a rel=\"noreferrer noopener\" href=\"https:\/\/ciu-edu.org\/?p=2075\" data-type=\"post\" data-id=\"2075\" target=\"_blank\"> \u00abEnviar Documentos\u00bb<\/a>, disponible desde este website.<\/p>\n\n\n\n<h3 class=\"wp-block-heading\">DOBLE MATRICULACI\u00d3N<\/h3>\n\n\n\n<p><strong>El acceso a \u00abdoble matriculaci\u00f3n\u00bb <\/strong>permite aplicar con la misma solicitud de admisi\u00f3n, a  dos programas, independientemente de, si se desarrollan al mismo tiempo o despu\u00e9s de finalizar el primero. <strong>Este sistema de \u00abdoble matriculaci\u00f3n\u00bb tiene varios beneficios.<\/strong> El primero es <strong>evitar cumplimentar dos veces el formulario de solicitud<\/strong> de admisi\u00f3n, para cursar matriculaci\u00f3n en dos programas y <strong>el segundo de car\u00e1cter econ\u00f3mico, <\/strong>aplica una <strong>subvenci\u00f3n acumulable<\/strong> a las tasas acad\u00e9micas y administrativas becadas, <strong>benefici\u00e1ndose de una reducci\u00f3n econ\u00f3mica<\/strong> adicional. <strong>Igualmente ocurre con amigos, parejas o matrimonios, que acceden a dos programas al mismo tiempo. Comunique los datos de su compa\u00f1ero de matricula<\/strong> (<em>en estos casos, si hay que cumplimentar una solicitud por cada postulante<\/em> al ser personas f\u00edsicas diferentes) a nuestro departamento de admisi\u00f3n y les aplicar\u00e1n la reducci\u00f3n por subvenci\u00f3n \u00abDoble Matriculaci\u00f3n\u00bb.<\/p>\n\n\n\n<p>En este primer caso, y <strong>siendo usted el nominativo para ambos programas, <\/strong>solo completar\u00e1 un formulario de solicitud con los documentos adjuntos, para cada programa (env\u00edelos en formato comprimido zip, con las iniciales de cada programa, por ejemplo AHM.zip, para Art History, M.A. y CAM.zip, para Contemporary Art, M.A). En el caso de \u00abdoble matriculaci\u00f3n\u00bb, para dos nominativos diferentes, tambi\u00e9n es aceptado. Estudiar con su pareja, o un amigo, le da derecho a la reducci\u00f3n econ\u00f3mica por subvenci\u00f3n, disponible por \u00abDoble Matriculaci\u00f3n\u00bb.<\/p>\n\n\n\n<p><strong>No se admiten solicitudes de subvenci\u00f3n por \u00abDoble Matriculaci\u00f3n\u00bb posteriormente a los 14 d\u00edas que marca la normativa<\/strong> para efectuar modificaciones en la facturaci\u00f3n, tramites, etc. Si no se han cumplido, puede solicitar modificar la solicitud de admisi\u00f3n, a \u00abdoble matriculaci\u00f3n\u00bb.<\/p>\n\n\n\n<p><strong>Una vez que haya presentado su solicitud, y sea confirmada, dispondr\u00e1 de 10 d\u00edas h\u00e1biles<\/strong> para formalizar el env\u00edo de los documentos obligatorios omitidos, y el comprobante del ingreso bancario (Los pago electr\u00f3nico no presentan este requisito).<\/p>\n\n\n\n<p><strong>Si desea acceder, o volver, a la Solicitud de Admisi\u00f3n<\/strong>, <a href=\"https:\/\/www.ciu-edu.org\/?p=383\" target=\"_blank\" rel=\"noreferrer noopener\">pulse aqu\u00ed.<\/a><\/p>\n","protected":false},"excerpt":{"rendered":"<p>La Solicitud de Admisi\u00f3n, es accesible, desde el enlace programado en el interior del Dossier Informativo del programa de su inter\u00e9s, o bien desde https:\/\/www.ciu-edu.org\/?p=383 Si no dispone del Dossier Informativo y \u00fanicamente ha visualizado la informaci\u00f3n a trav\u00e9s de plataformas de terceros, recomendamos encarecidamente que, acceda a la informaci\u00f3n espec\u00edfica, realizando una b\u00fasqueda del documento informativo, desde la pagina principal e inicial, utilizando t\u00e9rminos y palabras clave en idioma ingl\u00e9s, o solicitarlo a nuestra asesor\u00eda acad\u00e9mica mediante el Canal&hellip;<\/p>\n","protected":false},"author":1,"featured_media":4757,"parent":0,"menu_order":0,"comment_status":"closed","ping_status":"closed","template":"","meta":{"_joinchat":[],"footnotes":""},"class_list":["post-4756","page","type-page","status-publish","has-post-thumbnail","hentry","post-has-thumbnail"],"_links":{"self":[{"href":"https:\/\/ciu-edu.org\/index.php?rest_route=\/wp\/v2\/pages\/4756","targetHints":{"allow":["GET"]}}],"collection":[{"href":"https:\/\/ciu-edu.org\/index.php?rest_route=\/wp\/v2\/pages"}],"about":[{"href":"https:\/\/ciu-edu.org\/index.php?rest_route=\/wp\/v2\/types\/page"}],"author":[{"embeddable":true,"href":"https:\/\/ciu-edu.org\/index.php?rest_route=\/wp\/v2\/users\/1"}],"replies":[{"embeddable":true,"href":"https:\/\/ciu-edu.org\/index.php?rest_route=%2Fwp%2Fv2%2Fcomments&post=4756"}],"version-history":[{"count":18,"href":"https:\/\/ciu-edu.org\/index.php?rest_route=\/wp\/v2\/pages\/4756\/revisions"}],"predecessor-version":[{"id":8587,"href":"https:\/\/ciu-edu.org\/index.php?rest_route=\/wp\/v2\/pages\/4756\/revisions\/8587"}],"wp:featuredmedia":[{"embeddable":true,"href":"https:\/\/ciu-edu.org\/index.php?rest_route=\/wp\/v2\/media\/4757"}],"wp:attachment":[{"href":"https:\/\/ciu-edu.org\/index.php?rest_route=%2Fwp%2Fv2%2Fmedia&parent=4756"}],"curies":[{"name":"wp","href":"https:\/\/api.w.org\/{rel}","templated":true}]}}