{"id":4397,"date":"2021-03-12T17:55:20","date_gmt":"2021-03-12T17:55:20","guid":{"rendered":"https:\/\/ciu-edu.org\/?page_id=4397"},"modified":"2026-01-10T09:02:29","modified_gmt":"2026-01-10T08:02:29","slug":"excellence-in-higher-education","status":"publish","type":"page","link":"https:\/\/ciu-edu.org\/?page_id=4397","title":{"rendered":"Cambridge Excellence \u2022 Honorary Membership in Higher Education"},"content":{"rendered":"<div class=\"wp-block-image\">\n<figure class=\"aligncenter size-full is-resized\"><img loading=\"lazy\" decoding=\"async\" width=\"1173\" height=\"455\" src=\"https:\/\/ciu-edu.org\/wp-content\/uploads\/2021\/12\/dos_membership.png\" alt=\"\" class=\"wp-image-5605\" style=\"width:1173px\" srcset=\"https:\/\/ciu-edu.org\/wp-content\/uploads\/2021\/12\/dos_membership.png 1173w, https:\/\/ciu-edu.org\/wp-content\/uploads\/2021\/12\/dos_membership-300x116.png 300w, https:\/\/ciu-edu.org\/wp-content\/uploads\/2021\/12\/dos_membership-1024x397.png 1024w, https:\/\/ciu-edu.org\/wp-content\/uploads\/2021\/12\/dos_membership-768x298.png 768w\" sizes=\"auto, (max-width: 1173px) 100vw, 1173px\" \/><\/figure>\n<\/div>\n\n\n<h3 class=\"wp-block-heading has-black-color has-text-color has-background\" style=\"background-color:#f8f8ff\">Estimados y Estimadas, Profesionales:<\/h3>\n\n\n\n<p>Desde Cambridge International University, queremos felicitarle por su esfuerzo, trabajo, dedicaci\u00f3n, y aporte al mundo acad\u00e9mico, laboral y social , definido por los niveles adquiridos en el transcurso de su formaci\u00f3n acad\u00e9mica, y experiencia en el transcurso de su vida profesional.<\/p>\n\n\n\n<p>Por este motivo, el Comit\u00e9 Acad\u00e9mico Internacional, responsable de la designaci\u00f3n <strong>\u201cCambridge Excellente \u2022 Honorary Membership in Higher Education\u201d, valora y acredita a profesionales, egresados de esta, y otras entidades educativas, con un excelente rendimiento acad\u00e9mico, as\u00ed como valorando su experiencia a nivel profesional<\/strong>.<\/p>\n\n\n\n<p>Es para nosotros un placer, ofrecerle esta oportunidad de participaci\u00f3n, que por s\u00ed misma, ya es un reconocimiento a su profesi\u00f3n y dedicaci\u00f3n, present\u00e1ndole un distintivo \u00fanico a nivel curricular, para el competitivo mundo profesional y empresarial.<\/p>\n\n\n\n<p><strong>El Comit\u00e9 Acad\u00e9mico Internacional, valorar\u00e1 su expediente<\/strong> <strong>acad\u00e9mico<\/strong> y <strong>experiencia<\/strong> de vida <strong>profesional<\/strong>, <strong>asignando a usted, uno de los tres niveles<\/strong> disponibles <strong>de la Nominaci\u00f3n \u201cCambridge Excellente \u2022 Honorary<\/strong> <strong>Membership in Higher Education\u201d: Platinum, Gold, y Silver.<\/strong><\/p>\n\n\n\n<p><strong>Su participaci\u00f3n en este nombramiento honor\u00edfico,<\/strong> de Cambridge International University, <strong>tiene una doble funci\u00f3n:<\/strong><\/p>\n\n\n\n<p><strong>1\u00ba.- Como reconocimiento <\/strong>personal, acad\u00e9mico y profesional del postulante.<br><strong>2\u00ba.- Como participante <\/strong>a nivel social del <strong>\u00abFondo Internacional para el Acceso a la Formaci\u00f3n\u00bb <\/strong>que se deriva todos los a\u00f1os, al Sistema de Becas Privadas de Cambridge International University, y destinadas a diversos proyectos educativos, teniendo en cuenta, sobre todo, a las personas que requieren acceso al conocimiento.<\/p>\n\n\n\n<h4 class=\"wp-block-heading has-black-color has-text-color has-background\" style=\"background-color:#f8f8ff\"><strong>Entre estos proyectos est\u00e1n:<\/strong><\/h4>\n\n\n\n<p><strong>Los fondos de becas privadas son activas durante todo el a\u00f1o acad\u00e9mico, <\/strong>y <strong>permiten el acceso<\/strong>, a toda persona interesada en un programa formativo, <strong>mediante una importante reducci\u00f3n de las tasas<\/strong> acad\u00e9micas y administrativas. Si bien, son becas parciales, <strong>marcan una importante diferencia<\/strong>, ante el el valor del producto acad\u00e9mico, en el actual mundo empresarial del sector educativo.<\/p>\n\n\n\n<p><strong>Ayudas Econ\u00f3micas a Centros de Ense\u00f1anza y Asociaciones de personas con riesgo de exclusi\u00f3n social<\/strong>, por raza, religi\u00f3n u otras, <strong>que hoy en d\u00eda, forman parte de un importante movimientos sociales<\/strong> dependientes, en su amplia mayor\u00eda, de benefactores, del \u00e1mbito internacional. Si usted, siente la necesidad de actuar a trav\u00e9s de una participaci\u00f3n activa, en los planes y movimientos de acci\u00f3n social, destinados principalmente a la Educaci\u00f3n y Formacion de estos grupos de exclusi\u00f3n, por favor, <a href=\"https:\/\/ciu-edu.org\/?page_id=5374\" data-type=\"page\" data-id=\"5374\" target=\"_blank\" rel=\"noreferrer noopener\">solicite informaci\u00f3n.<\/a><\/p>\n\n\n\n<p>La globalizaci\u00f3n y otros factores relacionados han llevado a muchas personas a decidir emigrar a otros pa\u00edses. Esta situaci\u00f3n provoca, en ocasiones, reacciones de exclusi\u00f3n social por parte de la poblaci\u00f3n local. El problema se agrava cuando estos migrantes no tienen acceso a la educaci\u00f3n y a la capacitaci\u00f3n necesaria para integrarse en el mercado laboral.<\/p>\n\n\n\n<p>Es nuestra responsabilidad moral tenderles la mano, recordando que las fronteras son solo l\u00edneas imaginarias y que, en la historia de todos los pa\u00edses, ha habido momentos de emigraci\u00f3n. No debemos olvidar que tanto la historia como la reciente crisis sanitaria mundial nos ense\u00f1an que nuestras vidas, tal y como las conocemos, pueden cambiar en un instante.<\/p>\n\n\n\n<p><strong>Ayudas a la integraci\u00f3n de la mujer en el mundo profesional:<\/strong> La guerra de sexos, se inicio, hace muchos a\u00f1os, y actualmente sigue vigente, de forma disimulada y pasando desapercibida, en las sociedades \u00abmas modernas\u00bb. La reciente revoluci\u00f3n de a mujer, ha denotado el gran valor de nuestras compa\u00f1eras, a muchos niveles, y ahora al nivel profesional, \u00e1rea que desde siempre, ha sido dominada preferentemente por el g\u00e9nero masculino. La recientes pol\u00edticas de inclusi\u00f3n, han se\u00f1alado un antes y despu\u00e9s sobre la presencia de la mujer, en el mundo profesional, siendo \u00e9sta merecedora de todos los reconocimientos a este nivel. Desde Cambridge International University, gestionamos el Sistema de Ayudas y Subvenciones, destinadas en algunos pa\u00edses de habla hispana, para fomentar la educaci\u00f3n, e inserci\u00f3n laboral de la mujer, permitiendo equiparar sus posibilidades laborales y econ\u00f3micas con el hombre.<\/p>\n\n\n\n<p><strong>Estos son algunos ejemplos de la capacidad moral y social de estas ayudas econ\u00f3micas,<\/strong> a los diferentes problemas de nuestras sociedades actuales. No podemos mirar, hacia otro sitio\u2026<\/p>\n\n\n\n<p>Su solicitud, ser\u00e1 siempre bienvenida.<\/p>\n\n\n\n<h2 class=\"wp-block-heading has-black-color has-text-color has-background\" id=\"h.hik8a44avxhi\" style=\"background-color:#f4f4ff\">Gesti\u00f3n de la Membres\u00eda<\/h2>\n\n\n\n<h2 class=\"wp-block-heading has-black-color has-text-color has-background\" style=\"background-color:#f8f8ff\">Procedimiento de Solicitud<\/h2>\n\n\n\n<p><strong>El protocolo de acceso al reconocimiento honorifico<\/strong>, de <strong>\u201cCambridge Excellente \u2022 Honorary Membership in Higher Education\u201d<\/strong>, consta de los pasos siguientes:<\/p>\n\n\n\n<ol class=\"wp-block-list\">\n<li>El t\u00edtulo honor\u00edfico, <strong>Cambridge Excellente \u2022 Honorary Membership in Higher Education<\/strong>, presenta tres niveles, <strong>Platinum, Gold, y Silver,<\/strong> asignado <strong>seg\u00fan la valoraci\u00f3n del Comit\u00e9 de Evaluaci\u00f3n,<\/strong> y se expide a todo postulante, que re\u00fana los requisitos de excelencia, mediante valoraci\u00f3n de su expediente acad\u00e9mico, y calificaci\u00f3n obtenida al finalizar sus estudios.<\/li>\n<\/ol>\n\n\n\n<p>\u2022 <strong>Se valoran todos los expedientes acad\u00e9micos,<\/strong> independientemente de la entidad educativa de nivel superior, donde curso sus formaci\u00f3n.<\/p>\n\n\n\n<p>\u2022 Se admiten a tr\u00e1mite las solicitudes, <strong>valorando su expediente acad\u00e9mico en su conjunto, sin discriminar formaci\u00f3n formal y no formal.<\/strong> Ampl\u00ede su expediente acad\u00e9mico, incluyendo toda la formaci\u00f3n que haya cursado.<\/p>\n\n\n\n<p>\u2022 Se admiten a tr\u00e1mite las solicitudes con <strong>certificados supletorios del t\u00edtulo profesional.<\/strong> Incluya siempre el titulo base, <strong>que le habilita para el ejercicio de su profesi\u00f3n<\/strong>, t\u00edtulos de postgrado cursados. <strong>Enumere en el Curriculum Vitae, toda la Formaci\u00f3n Complementaria <\/strong>(no env\u00ede digitalizaciones, en este caso), formaci\u00f3n formal y no formal, Formaci\u00f3n Continuada, Formaci\u00f3n Monogr\u00e1fica, Certificados de asistencia a eventos, Congresos, Seminarios, etc&#8230;<\/p>\n\n\n\n<p>\u2022 <strong>La digitalizaci\u00f3n de su T\u00edtulo Profesional, <\/strong>remitida desde el formulario de solicitud, <strong>puede ser simple y no requiere de ser compulsada.<\/strong> Por lo tanto, <strong>las digitalizaciones del t\u00edtulo, deben presentar el c\u00f3digo de registro acad\u00e9mico<\/strong> (Academic Record), bien <strong>en la propia digitalizaci\u00f3n<\/strong> (anverso y reverso) bien <strong>como nota adjunta a la digitalizaci\u00f3n<\/strong>, como referencia clara de este registro. Esto es especialmente \u00fatil <strong>para aquellos postulantes que mantiene sus t\u00edtulos enmarcados,<\/strong> y que extraerlos de su emplazamiento, puede resultar una tarea tediosa.<strong> Un escaneo mediante fotograf\u00eda digital,<\/strong> realizada con un smartphone, <strong>que presente buena calidad<\/strong> y sea legible, <strong>es aceptada a tr\u00e1mite.<\/strong><\/p>\n\n\n\n<p><strong>2.- Ante el env\u00edo de su solicitud de admisi\u00f3n,<\/strong> incluya las digitalizaciones en el formulario electr\u00f3nico mediante el recurso disponible para el env\u00edo documental. Es posible que, durante la valoraci\u00f3n de su solicitud, reciba varias comunicaciones, v\u00eda correo electr\u00f3nico.<\/p>\n\n\n\n<p><strong>A partir del env\u00edo del formulario<\/strong> electr\u00f3nico,<strong> se le informar\u00e1 inmediatamente,<\/strong> con un mensaje en pantalla, que el env\u00edo ha sido emitido correctamente (o no). <strong>Si el procedimiento ha sido correcto, mant\u00e9ngase a la espera<\/strong> de las gestiones oportunas, revisando en unos d\u00edas, su buz\u00f3n de correo electr\u00f3nico.<\/p>\n\n\n\n<p><strong>3.- El tiempo estimado para la valoraci\u00f3n de su solicitud <\/strong>es de 72 horas. A partir de recibir comunicaci\u00f3n escrita sobre el resultado de su Solicitud, la gesti\u00f3n sobre la extensi\u00f3n, registro y legalizaci\u00f3n del T\u00edtulo Honor\u00edfico ser\u00e1 de aproximadamente, 60 d\u00edas (como m\u00e1ximo, seg\u00fan \u00e9poca del a\u00f1o) para recibir la credencial (v\u00eda correo postal certificado a\u00e9reo y correo electr\u00f3nico, digitalizada en alta resoluci\u00f3n).<\/p>\n\n\n\n<h4 class=\"wp-block-heading has-black-color has-text-color has-background\" id=\"h.yiyitb4aab5f\" style=\"background-color:#f8f8ff\"><a href=\"https:\/\/sites.google.com\/view\/cambridgeexcellenceinhigheredu\/tasas-de-gesti%C3%B3n#h.yiyitb4aab5f\"><\/a>Cursar Solicitud de Admisi\u00f3n<\/h4>\n\n\n\n<p>Prepare en formato digital, su titulo profesional, y estudios de postgrado. Puede enviarlos de forma individual o comprimido en ZIP, 7Zip, RAR, etc&#8230;<\/p>\n\n\n\n<p>Disponga tambi\u00e9n, en formato PDF, de los documentos siguientes:<\/p>\n\n\n\n<ul class=\"wp-block-list\">\n<li>Curriculum Vitae.<\/li>\n\n\n\n<li>Documento de Identidad.<\/li>\n\n\n\n<li>Fotograf\u00eda, tipo pasaporte.<\/li>\n<\/ul>\n\n\n\n<p>Acceda ahora, al <strong><a href=\"https:\/\/ciu-edu.org\/?page_id=5619\">Formulario de Solicitud \u00abCambridge Excellente \u2022 Honorary Membership in Higher Education\u00bb<\/a> <\/strong>cumplimentando los datos solicitados, e incluya los documentos digitales cuando sean solicitados (puede \u00abarrastrar y soltar\u00bb los documentos, para su inclusi\u00f3n en el formulario).<\/p>\n\n\n\n<p>Finalizado y cumplimentado el Formulario, <strong>pulse en \u00abEnviar\u00bb<\/strong>. <strong>Si el env\u00edo ha sido correcto, observe el mensaje en su pantalla.<\/strong><\/p>\n\n\n\n<h4 class=\"wp-block-heading has-black-color has-text-color has-background\" id=\"h.yiyitb4aab5f\" style=\"background-color:#f8f8ff\"><a href=\"https:\/\/sites.google.com\/view\/cambridgeexcellenceinhigheredu\/tasas-de-gesti%C3%B3n#h.yiyitb4aab5f\"><\/a><strong>Procedimiento sobre las Tasas de Gesti\u00f3n<\/strong><\/h4>\n\n\n\n<p>Las tasas de gesti\u00f3n solicitadas, resuelven el valor acad\u00e9mico y administrativo, de evaluaci\u00f3n y valoraci\u00f3n, de su expediente acad\u00e9mico y experiencia de vida profesional, y su equivalencia en los niveles disponibles, generando la certificaci\u00f3n acreditativa, como respuesta a su solicitud.<\/p>\n\n\n\n<p><strong>La revisi\u00f3n de Tasas Acad\u00e9micas y Administrativas, en este a\u00f1o acad\u00e9mico, son:<\/strong><\/p>\n\n\n\n<ul class=\"wp-block-list\">\n<li><strong>Cambridge Excellente \u2022 Honorary Membership in Higher Education \u00b7 Platimun:<\/strong> 425 UE\u20ac<\/li>\n\n\n\n<li><strong>Cambridge Excellente \u2022 Honorary &#8211; Membership in Higher Education \u00b7 Gold: <\/strong>375 UE\u20ac<\/li>\n\n\n\n<li><strong>Cambridge Excellente \u2022 Honorary Membership in Higher Education \u00b7 Silver:<\/strong> 275 UE\u20ac<\/li>\n\n\n\n<li><strong>Env\u00edo Postal Certificado (y A\u00e9reo): <\/strong>35 UE\u20ac<\/li>\n<\/ul>\n\n\n\n<h3 class=\"wp-block-heading has-black-color has-text-color has-background\" style=\"background-color:#f8f8ff\"><strong>Opcionales:<\/strong><\/h3>\n\n\n\n<ul class=\"wp-block-list\">\n<li><strong>Legalizaci\u00f3n mediante el Convenio de la Haya: <\/strong>150 UE\u20ac<\/li>\n\n\n\n<li><strong>Legalizaci\u00f3n Consular (Solo paises no firmantes del Convenio de la Haya)<\/strong>: 300 UE\u20ac<\/li>\n\n\n\n<li><strong>Env\u00edo Urgente por Agencia Privada Certificado (y A\u00e9reo): <\/strong>100 UE\u20ac<\/li>\n<\/ul>\n\n\n\n<h4 class=\"wp-block-heading has-black-color has-text-color has-background\" style=\"background-color:#f8f8ff\"><strong>M\u00e1s informaci\u00f3n<\/strong><\/h4>\n\n\n\n<p><strong>Si necesita mas informaci\u00f3n, <\/strong>puede <strong>comunicarse con el Dpto. de Informaci\u00f3n,<\/strong> mediante la <strong>L\u00ednea de Mensajer\u00eda<\/strong>, por <a rel=\"noreferrer noopener\" href=\"https:\/\/web.whatsapp.com\/send?phone=+34670612202&amp;text=Hola,%20deseo%20comunicarme%20con%2CIU\" target=\"_blank\">WhatsApp<\/a>, <strong>L\u00ednea Telef\u00f3nica <\/strong>(+34) 952 307 915 o enviando su consulta mediante el <a rel=\"noreferrer noopener\" href=\"https:\/\/ciu-edu.org\/?page_id=5374\" data-type=\"page\" data-id=\"5374\" target=\"_blank\"><strong>Formulario de Contacto<\/strong><\/a>. <\/p>\n","protected":false},"excerpt":{"rendered":"<p>Estimados y Estimadas, Profesionales: Desde Cambridge International University, queremos felicitarle por su esfuerzo, trabajo, dedicaci\u00f3n, y aporte al mundo acad\u00e9mico, laboral y social , definido por los niveles adquiridos en el transcurso de su formaci\u00f3n acad\u00e9mica, y experiencia en el transcurso de su vida profesional. Por este motivo, el Comit\u00e9 Acad\u00e9mico Internacional, responsable de la designaci\u00f3n \u201cCambridge Excellente \u2022 Honorary Membership in Higher Education\u201d, valora y acredita a profesionales, egresados de esta, y otras entidades educativas, con un excelente rendimiento&hellip;<\/p>\n","protected":false},"author":1,"featured_media":4398,"parent":0,"menu_order":0,"comment_status":"closed","ping_status":"closed","template":"","meta":{"_joinchat":[],"footnotes":""},"class_list":["post-4397","page","type-page","status-publish","has-post-thumbnail","hentry","post-has-thumbnail"],"_links":{"self":[{"href":"https:\/\/ciu-edu.org\/index.php?rest_route=\/wp\/v2\/pages\/4397","targetHints":{"allow":["GET"]}}],"collection":[{"href":"https:\/\/ciu-edu.org\/index.php?rest_route=\/wp\/v2\/pages"}],"about":[{"href":"https:\/\/ciu-edu.org\/index.php?rest_route=\/wp\/v2\/types\/page"}],"author":[{"embeddable":true,"href":"https:\/\/ciu-edu.org\/index.php?rest_route=\/wp\/v2\/users\/1"}],"replies":[{"embeddable":true,"href":"https:\/\/ciu-edu.org\/index.php?rest_route=%2Fwp%2Fv2%2Fcomments&post=4397"}],"version-history":[{"count":20,"href":"https:\/\/ciu-edu.org\/index.php?rest_route=\/wp\/v2\/pages\/4397\/revisions"}],"predecessor-version":[{"id":9735,"href":"https:\/\/ciu-edu.org\/index.php?rest_route=\/wp\/v2\/pages\/4397\/revisions\/9735"}],"wp:featuredmedia":[{"embeddable":true,"href":"https:\/\/ciu-edu.org\/index.php?rest_route=\/wp\/v2\/media\/4398"}],"wp:attachment":[{"href":"https:\/\/ciu-edu.org\/index.php?rest_route=%2Fwp%2Fv2%2Fmedia&parent=4397"}],"curies":[{"name":"wp","href":"https:\/\/api.w.org\/{rel}","templated":true}]}}